2331?
-22222320
In base 6, what is -51 - 25055?
-25150
In base 3, what is -1120212120110 - 11?
-1120212120121
In base 13, what is -1 - -10a71?
10a70
In base 6, what is 10204 - -44?
10252
In base 12, what is 27a50 - 2?
27a4a
In base 2, what is 1011000111 - 0?
1011000111
In base 10, what is 1192 - -112?
1304
In base 6, what is 4252 + 0?
4252
In base 3, what is -112102111012 + 1?
-112102111011
In base 11, what is 5 + -a1a9?
-a1a4
In base 3, what is -221 + -12010120?
-12011111
In base 11, what is -1a - -30330?
30311
In base 10, what is -200 + 130?
-70
In base 5, what is 4020 - -3?
4023
In base 12, what is 28a - -185b?
1b29
In base 13, what is -a527 + 1?
-a526
In base 12, what is -8280 - -4a?
-8232
In base 15, what is 2b4 - d1?
1d3
In base 5, what is 1 - 414033?
-414032
In base 10, what is -548 + -330?
-878
In base 2, what is 10111 + -1001001?
-110010
In base 6, what is 135132 + 15?
135151
In base 11, what is 170 + 517?
687
In base 11, what is 7 - -5354?
5360
In base 12, what is 4 + 43?
47
In base 5, what is -24 + 2413101?
2413022
In base 9, what is -1368601 - 4?
-1368605
In base 6, what is 0 - 151535?
-151535
In base 13, what is 327a + -3?
3277
In base 16, what is -9494 + 2?
-9492
In base 3, what is -12122220212011 - 0?
-12122220212011
In base 15, what is -100e + e7?
-e17
In base 15, what is 2 - -138da?
138dc
In base 7, what is -4440 - -105?
-4332
In base 13, what is 649 + -20?
629
In base 9, what is 14 + 28250?
28264
In base 9, what is -13377 + 14?
-13363
In base 5, what is 10130 - -43410?
104040
In base 9, what is 784727 - -2?
784730
In base 9, what is 3 - 1220814?
-1220811
In base 8, what is 0 + 11743?
11743
In base 10, what is -425 + 751?
326
In base 15, what is -10c69 - -5?
-10c64
In base 13, what is 82c0 - 5?
82b8
In base 4, what is -3022320 - -2131?
-3020123
In base 11, what is -2007 - 86?
-2092
In base 8, what is -3 + 3124?
3121
In base 4, what is 3001 + -301021?
-232020
In base 15, what is d0468 + 2?
d046a
In base 16, what is 1cf44 - 3?
1cf41
In base 7, what is 0 - -54300?
54300
In base 7, what is 120 - 2602?
-2452
In base 6, what is 2 + 105322?
105324
In base 15, what is -2d76d - -1?
-2d76c
In base 12, what is 196a - -727?
2495
In base 15, what is 2 + -826?
-824
In base 13, what is -1452 + 15?
-143a
In base 16, what is 0 + 17763a?
17763a
In base 2, what is 1011 + -1000011101100?
-1000011100001
In base 8, what is 1364371 - -4?
1364375
In base 3, what is 20212021 - -120?
20212211
In base 2, what is -10001111 + -1001110100100001?
-1001110110110000
In base 5, what is -1 - 3020122?
-3020123
In base 2, what is -101101101101 + -110?
-101101110011
In base 11, what is -8944 - -3?
-8941
In base 12, what is -12028 - -1?
-12027
In base 5, what is -14 - -1123340?
1123321
In base 14, what is 40 + 18?
58
In base 6, what is 303525 + 4?
303533
In base 13, what is a0884 + 1?
a0885
In base 4, what is -313 - 23013?
-23332
In base 4, what is -110001 - 102313?
-212320
In base 11, what is 19 - -13432?
13450
In base 3, what is -200202021 + 100?
-200201221
In base 2, what is 111010 + -1011000001111?
-1010111010101
In base 8, what is -5 - -163633?
163626
In base 16, what is 6f + -52e9?
-527a
In base 15, what is 10 + -3975e?
-3974e
In base 6, what is 120441 - -202?
121043
In base 7, what is -2 + 100353?
100351
In base 9, what is -41 - -1067?
1026
In base 8, what is -42352 - -11?
-42341
In base 10, what is 1 + -3229?
-3228
In base 8, what is 44230 + 3?
44233
In base 10, what is -55 + -2373?
-2428
In base 6, what is -15100 - -5?
-15051
In base 9, what is 2204 + -5?
2188
In base 2, what is -11101101111110110 - -11?
-11101101111110011
In base 13, what is 6 - 60619?
-60613
In base 5, what is -44 - -103103?
103004
In base 2, what is 11000 - -1000110111000?
1000111010000
In base 8, what is -53 + 4440?
4365
In base 13, what is -3 + -1550b?
-15511
In base 12, what is 3258a8 + -2?
3258a6
In base 14, what is -2 - -da15a?
da158
In base 13, what is a654 - 3?
a651
In base 4, what is -31 - -3100210?
3100113
In base 2, what is 11001000101 - 1010101?
10111110000
In base 8, what is -12 + -5550?
-5562
In base 12, what is -a98 + -21?
-ab9
In base 11, what is 34 + -972?
-939
In base 13, what is 43 - -116?
159
In base 4, what is 3 + 323211321?
323211330
In base 9, what is 212 - -68?
281
In base 13, what is -2ab + 6?
-2a5
In base 10, what is -706 + 2611?
1905
In base 14, what is -593058 - -2?
-593056
In base 9, what is 3 + -2163?
-2160
In base 12, what is 69 - -8a6?
953
In base 14, what is 4d397 + 3?
4d39a
In base 10, what is 1504737 - 1?
1504736
In base 3, what is -12200 + 20202?
1002
In base 16, what is 17b + 7f?
1fa
In base 14, what is -da - 23c?
-338
In base 12, what is 43801 - 2?
437bb
In base 7, what is 4 + 516110?
516114
In base 6, what is 155443334 + -2?
155443332
In base 7, what is 15543 + 30?
15603
In base 6, what is -45102 + -155?
-45301
In base 7, what is -14662 - -1643?
-13016
In base 10, what is 1 - -33362?
33363
In base 12, what is -12125 - -6?
-1211b
In base 13, what is 10 - 129b?
-128b
In base 15, what is -1cb + 8?
-1c3
In base 6, what is -1 + 520331?
520330
In base 15, what is 5 + 4e1d8?
4e1dd
In base 3, what is 10 - 2102102221?
-2102102211
In base 15, what is 2 - cb87?
-cb85
In base 13, what is 43 - 926?
-8b3
In base 6, what is 11450103 + -1?
11450102
In base 8, what is 4 + 27174?
27200
In base 6, what is -1000 - -344?
-212
In base 8, what is 5 - -1513514?
1513521
In base 12, what is 3b58 - -113?
406b
In base 5, what is -31214 + 10?
-31204
In base 5, what is -200323 - -44?
-200224
In base 8, what is -3257576 + 2?
-3257574
In base 4, what is -11 - 2120200?
-2120211
In base 5, what is 123 - -311434?
312112
In base 4, what is 3 + -301031202?
-301031133
In base 8, what is 266 + 53?
341
In base 16, what is 5 - -57bd?
57c2
In base 8, what is 147145 - 60?
147065
In base 4, what is 201000 - 312?
200022
In base 15, what is -5 + 14cb2?
14cac
In base 6, what is 20050 - -515?
21005
In base 11, what is -aa052 - 3?
-aa055
In base 15, what is 0 - -4b018?
4b018
In base 12, what is 80 - -5a43?
5b03
In base 6, what is 1503 - 214?
1245
In base 3, what is 1001010021 - 11?
1001010010
In base 8, what is -507 - 140?
-647
In base 14, what is 38 + -512?
-4b8
In base 7, what is -63424 + -1?
-63425
In base 7, what is 20224 + 12?
20236
In base 6, what is 12 - -540040?
540052
In base 10, what is 3493 - -345?
3838
In base 4, what is -2010321 - 132?
-2011113
In base 14, what is -362a - b?
-3637
In base 7, what is -2445 + 0?
-2445
In base 2, what is 11 - 1000001001100101?
-1000001001100010
In base 11, what is 14095 - -393?
14478
In base 13, what is -70 + 24c?
1ac
In base 2, what is -11011110010010 - 1100?
-11011110011110
In base 3, what is -1222200 + 10?
-1222120
In base 9, what is -72 + -8218?
-8301
In base 6, what is -2310524 - -2?
-2310522
In base 6, what is -342122 + 1?
-342121
In base 9, what is 3 - 31043?
-31040
In base 2, what is 110101100111 - -1010?
110101110001
In base 9, what is 284118 + 5?
284124
In base 6, what is 0 - 140315?
-140315
In base 4, what is 330020 + -23?
323331
In base 6, what is 303 + 402?
1105
In base 5, what is 10420403243 + -2?
10420403241
In base 8, what is 204314 - 3?
204311
In base 14, what is 83 + d?
92
In base 10, what is -5089 + 16?
-5073
In base 3, what is 1122 - -110101?
112000
In base 13, what is 1102 + -a?
10c5
In base 11, what is -1 + -3404?
-3405
In base 10, what is 5 - -19451?
19456
In base 12, what is 104 - 35b?
-257
In base 14, what is -1a - 108cb?
-10907
In base 8, what is -170134 - -5?
-170127
In base 7, what is -4 + 34133?
34126
In base 13, what is 101 + -962?
-861
In base 8, what is 12 + 21500?
21512
In base 6, what is -3355 + 154?
-3201
In base 2, what is -100 + -10101100101110110?
-10101100101111010
In base 15, what is -382 + 39?
-348
In base 2, what is -101 - 100110110101011000?
-100110110101011101
In base 8, what is 114343 - 61?
114262
In base 6, what is 0 + -2440522?
-2440522
In base 5, what is 0 + 122224042?
122224042
In base 15, what is 1b93 + -c?
1b86
In base 12, what is -13 - 17287?
-1729a
In base 3, what is -201210002 + 20?
-201202212
In base 8, what is 2214 - -1547?
3763
In base 15, what is 35c + 152?
4ae
In base 8, what is -2411374 + -1?
-2411375
In base 11, what is 250252 - 1?
250251
In base 8, what is -37114 + 100?
-37014
In base 10,